9, what is -413316 - -4?
-413312
In base 6, what is 2123234 + 0?
2123234
In base 6, what is -15132 - 545?
-20121
In base 13, what is 2 + -32bab1?
-32baac
In base 10, what is 195 - -6?
201
In base 4, what is 11001011 + -10?
11001001
In base 12, what is -613bb + 2?
-613b9
In base 2, what is 11000001111010110 - 1?
11000001111010101
In base 12, what is -131bb9 - -5?
-131bb4
In base 10, what is 1 + -23093?
-23092
In base 13, what is 46a - 10?
45a
In base 15, what is c - 46db?
-46ce
In base 7, what is -100606134 - -4?
-100606130
In base 13, what is -3 + -3b6126?
-3b6129
In base 14, what is -724 + -3c?
-762
In base 10, what is -11229 + -11?
-11240
In base 7, what is 1604 + 1054?
2661
In base 16, what is -b + -4ff84?
-4ff8f
In base 11, what is 14 + -27808?
-277a4
In base 13, what is 9a61 - -2?
9a63
In base 8, what is -555 + -1752?
-2527
In base 13, what is -5b9 - -b50?
564
In base 15, what is 424 + -1e?
405
In base 8, what is -77753 - -11?
-77742
In base 5, what is -1 + 10043121?
10043120
In base 7, what is -2201142 - 5?
-2201150
In base 16, what is -31b - d6?
-3f1
In base 2, what is -1100 + 11100110101101111?
11100110101100011
In base 10, what is 303 + -904?
-601
In base 12, what is 106b85 - 0?
106b85
In base 10, what is -417 - -14357?
13940
In base 5, what is -244114402 + -10?
-244114412
In base 16, what is -355fc - 2?
-355fe
In base 9, what is -10 - -772?
762
In base 11, what is 9486 - -10?
9496
In base 10, what is 14 - 1132?
-1118
In base 5, what is 21140340 - 11?
21140324
In base 9, what is -24 - -61?
36
In base 11, what is 23 - -17a2?
1815
In base 11, what is -28 - 552?
-57a
In base 13, what is -433c9 + -6?
-43402
In base 7, what is -6 + 261114?
261105
In base 2, what is 10 - 10010010011010?
-10010010011000
In base 14, what is -31 - -3d6c?
3d3b
In base 8, what is -4254 - 122?
-4376
In base 8, what is -344 + -3445?
-4011
In base 11, what is 1 + 84862?
84863
In base 2, what is -100101111100101 + 100?
-100101111100001
In base 14, what is -5853a - -2?
-58538
In base 14, what is -9163 - 38?
-919b
In base 4, what is -10 + 2032033?
2032023
In base 5, what is -12031 - -3221?
-3310
In base 10, what is -1502539 - 2?
-1502541
In base 9, what is 1258242 + 5?
1258247
In base 16, what is 6f6e9 - 3?
6f6e6
In base 6, what is 1101101 - 0?
1101101
In base 12, what is 10304 + 1?
10305
In base 3, what is 100220 - 201020?
-100100
In base 13, what is -5 - -2528?
2523
In base 9, what is 234 + -5047?
-4713
In base 10, what is 2 + 388177?
388179
In base 11, what is 699 + -1453?
-865
In base 6, what is 14 + 3455?
3513
In base 7, what is 1153 - 32655?
-31502
In base 11, what is -4948a07 - -3?
-4948a04
In base 5, what is -2214011 - -3?
-2214003
In base 11, what is -685 + -1a7?
-881
In base 12, what is -b0720 - 1?
-b0721
In base 7, what is 11356 - 213?
11143
In base 15, what is -29 + -1649?
-1673
In base 11, what is 5969 - -1a?
5988
In base 8, what is 114 + -6772?
-6656
In base 3, what is 21202210200 + -2?
21202210121
In base 10, what is -3684 - 33?
-3717
In base 8, what is -446 - -1515?
1047
In base 13, what is 12 + 14241?
14253
In base 12, what is 10 - -6b701?
6b711
In base 16, what is -2b3 - -5b?
-258
In base 13, what is -145c5 + -b9?
-146b1
In base 12, what is -3 + -24772?
-24775
In base 14, what is -217 + -5c4?
-7db
In base 9, what is -454 - -1346?
782
In base 14, what is 1873 + 139?
19ac
In base 2, what is 101101101 + 11010110010?
100000011111
In base 15, what is -46 + -1b3b?
-1b82
In base 5, what is -13 + 13423434?
13423421
In base 5, what is -2231202 - 1?
-2231203
In base 12, what is 154b + -2?
1549
In base 12, what is 517 - b9?
41a
In base 2, what is -101 + -110100101011111101?
-110100101100000010
In base 7, what is 10 - 60213?
-60203
In base 9, what is -25 + -4542?
-4567
In base 5, what is -2211 - 30?
-2241
In base 5, what is 1311032 + -144?
1310333
In base 12, what is -1b01a + -4?
-1b022
In base 15, what is 698 + -ab?
5dc
In base 6, what is -303 + 10545?
10242
In base 8, what is -6167 - 4?
-6173
In base 9, what is -1 + 1077?
1076
In base 11, what is -16 + -89297?
-89302
In base 2, what is 1100110000111011111 - -100?
1100110000111100011
In base 3, what is -12 - -1000201000?
1000200211
In base 11, what is -153 - -9813?
9670
In base 6, what is -20000 + 241?
-15315
In base 8, what is -14100 + 1125?
-12753
In base 8, what is 16621236 + 2?
16621240
In base 2, what is -100 + 10000111111001010?
10000111111000110
In base 13, what is -1 - -34c?
34b
In base 15, what is a7 - -1ad?
265
In base 7, what is 2 - -303005?
303010
In base 6, what is -24335034 - 2?
-24335040
In base 8, what is -4441 - -10?
-4431
In base 16, what is -795 + -4a?
-7df
In base 13, what is -1940 - 13?
-1953
In base 16, what is 1c4 - 5d9?
-415
In base 16, what is 9a032 + -7?
9a02b
In base 8, what is -73 + -213271?
-213364
In base 2, what is 101101100010100 + 11?
101101100010111
In base 7, what is -520350 + 4?
-520343
In base 10, what is 343970 + 3?
343973
In base 8, what is -2 - 53676?
-53700
In base 4, what is 22232 - 20022?
2210
In base 3, what is 21000121 - 11210?
20211211
In base 14, what is -1894d - 7?
-18956
In base 15, what is -2 + 18b95?
18b93
In base 10, what is -10950 - 17?
-10967
In base 15, what is c9 - 9dd?
-914
In base 5, what is -4004 + 441?
-3013
In base 3, what is -121210012 - -1?
-121210011
In base 8, what is 324364 - -5?
324371
In base 3, what is 12221020 + -1200?
12212120
In base 9, what is 71878 - 6?
71872
In base 5, what is -11112 - 200?
-11312
In base 12, what is b55 + 38?
b91
In base 3, what is -10101101 - 22111?
-10200212
In base 13, what is -2 - 5713?
-5715
In base 6, what is -1223132 + -3?
-1223135
In base 9, what is 23857 + 20?
23877
In base 3, what is -2211012221 - -121?
-2211012100
In base 6, what is -3 - -15442502?
15442455
In base 11, what is -20 - 4814?
-4834
In base 5, what is 10 + -11023431?
-11023421
In base 2, what is -10011000001 + 100101001?
-1110011000
In base 6, what is 14 + 11115?
11133
In base 13, what is 101cab + 0?
101cab
In base 3, what is -122 + -20100022022?
-20100022221
In base 4, what is -212213 - -110?
-212103
In base 15, what is -1 - 26e3?
-26e4
In base 2, what is -10111010 - -111011?
-1111111
In base 9, what is -4 + 241851?
241846
In base 15, what is 4ca2c + 1?
4ca2d
In base 12, what is -2 - 1a2694?
-1a2696
In base 11, what is -26280 + -4?
-26284
In base 12, what is -10 + -4639?
-4649
In base 15, what is -5 + -47e8?
-47ed
In base 14, what is 78a - -19?
7a5
In base 11, what is 0 + 310947?
310947
In base 12, what is -4 - -100ba?
100b6
In base 10, what is -41777 - 7?
-41784
In base 7, what is -540511 - 3?
-540514
In base 14, what is -a - -65d?
653
In base 6, what is 31554 + -41?
31513
In base 16, what is -7c - -3?
-79
In base 3, what is -12212 - -1200120?
1110201
In base 10, what is -294 + 332?
38
In base 16, what is 0 + 2e6e?
2e6e
In base 5, what is 3 - -331214333?
331214341
In base 10, what is -277 - 49?
-326
In base 6, what is 311411 + 5?
311420
In base 13, what is -4 - 200a?
-2011
In base 12, what is 3 - 422a0?
-42299
In base 16, what is -44 - -2722?
26de
In base 13, what is 6a67 + -1?
6a66
In base 6, what is -22232 + 22?
-22210
In base 13, what is 5491 + -4?
548a
In base 14, what is 478a - 25?
4765
In base 11, what is -1269 + -1501?
-276a
In base 5, what is 1023 - -1203311?
1204334
In base 11, what is 3 + 4a?
52
In base 10, what is -43 - 5849?
-5892
In base 3, what is 1012021 - -122?
1012220
In base 12, what is -71a176 + 4?
-71a172
In base 14, what is 85dc4 - 2?
85dc2
In base 2, what is 100111 - 1000100011101?
-1000011110110
In base 6, what is 4 + -420301?
-420253
In base 13, what is 3c08c + 2?
3c091
In base 6, what is 2342042 - 5?
2342033
In base 4, what is 101211 + -2003?
33202
In base 2, what is -101110011111110111 + -101?
-101110011111111100
In base 4, what is -32033 + 12230?
-13203
In base 10, what is 34 + -260?
-226
In base 9, what is -83 + -548?
-642
In base 4, what is -1222103 - 23?
-1222132
In base 8, what is -107 - -27235?
27126
In base 10, what is 122 + -272?
-150
In base 4, what is 111 + -13120?
-13003
In base 15, what is 3739c - 1?
3739b
In base 3, what is -102022 - 10001101?
-10110200
In base 15, what is 2 + -2c6d4?
-2c6d2
In base 4, what is -1113030220 + 102?
-1113030112
In base 12, what is -1429a9 - -17?
-142992
In base 8, what is 